 2, what is -1111010 - -1?
-1111001
In base 6, what is -13 - 13?
-30
In base 3, what is -11010 + 2?
-11001
In base 8, what is -1 - -2171?
2170
In base 4, what is 2 - -113211?
113213
In base 5, what is 1220 + -2?
1213
In base 4, what is -11 - 11123?
-11200
In base 12, what is 5 + 2b?
34
In base 12, what is -2 - 54b?
-551
In base 9, what is 1326 - 6?
1320
In base 10, what is 1 - -41?
42
In base 3, what is -121020 - 2?
-121022
In base 14, what is -4d2 + 9?
-4c7
In base 11, what is -19 + 3?
-16
In base 11, what is -15507 - 1?
-15508
In base 10, what is -1254 + -2?
-1256
In base 12, what is 7 - -2?
9
In base 5, what is -13300 + -4?
-13304
In base 11, what is 0 + -65?
-65
In base 15, what is -4 - -24?
20
In base 5, what is -30 + 22?
-3
In base 3, what is -21102212 + -2?
-21102221
In base 11, what is 8 + 480?
488
In base 15, what is e5 - -4?
e9
In base 10, what is 3 + -51?
-48
In base 6, what is -40 + 51?
11
In base 11, what is 14 + -47?
-33
In base 5, what is 1212 - -42?
1304
In base 13, what is -631 - -3?
-62b
In base 6, what is -203 + -25?
-232
In base 10, what is -631 + -2?
-633
In base 15, what is -8ec + -5?
-902
In base 5, what is 1 + -1010?
-1004
In base 6, what is -32500 - -3?
-32453
In base 5, what is 11 + 1043?
1104
In base 15, what is d - 33?
-25
In base 14, what is 4 + -327?
-323
In base 10, what is 0 + -97?
-97
In base 12, what is -a + 4a?
40
In base 12, what is -2 + -18b?
-191
In base 7, what is 3 - 162?
-156
In base 5, what is -3222 + -1?
-3223
In base 11, what is -5 - -1178?
1173
In base 15, what is -5 + a?
5
In base 3, what is 202 + -2?
200
In base 12, what is -7082 + -4?
-7086
In base 10, what is 9 + -40?
-31
In base 2, what is -11 + 111000?
110101
In base 10, what is 5507 + -2?
5505
In base 3, what is 12 - 11200?
-11111
In base 10, what is 484 - -2?
486
In base 12, what is 48 + 1?
49
In base 8, what is 7 + -274?
-265
In base 8, what is 713 + 1?
714
In base 16, what is -41 - b?
-4c
In base 6, what is -131523 + -2?
-131525
In base 16, what is 0 - -9b?
9b
In base 15, what is -4 - 3d8?
-3dc
In base 5, what is -1 + 100?
44
In base 13, what is -4 - 277?
-27b
In base 7, what is 12 + -4265?
-4253
In base 5, what is 10 + -4?
1
In base 11, what is 1 + -38a?
-389
In base 14, what is -2d6 - -29?
-2ab
In base 5, what is -102 + 23?
-24
In base 16, what is -7a + -25?
-9f
In base 16, what is -2d2 + 3?
-2cf
In base 11, what is -50 - -2?
-49
In base 10, what is 1 + -48?
-47
In base 5, what is -1 + -31?
-32
In base 4, what is -1001003 - 10?
-1001013
In base 12, what is 2b + 47?
76
In base 16, what is -9 + -55?
-5e
In base 10, what is -34 + 29?
-5
In base 5, what is -11331 + 20?
-11311
In base 5, what is -13431 + 10?
-13421
In base 12, what is -3 - -76a?
767
In base 11, what is -4 + 372?
369
In base 10, what is -24 - 6?
-30
In base 4, what is -1 + -123011?
-123012
In base 13, what is 666 + 3?
669
In base 15, what is -10a - -1?
-109
In base 15, what is 46 - -78?
be
In base 10, what is 5 - -1646?
1651
In base 2, what is 10 - 1000100?
-1000010
In base 14, what is -10a - 0?
-10a
In base 4, what is -10 - 1013?
-1023
In base 7, what is -1601 - -3?
-1565
In base 11, what is -3 - -40?
38
In base 14, what is -91b - -7?
-914
In base 5, what is -4 - -302?
243
In base 16, what is 6 + fc?
102
In base 8, what is -4 - -21?
15
In base 2, what is 100010011 + -110?
100001101
In base 2, what is -10011001 + -100?
-10011101
In base 13, what is 8 + -889?
-881
In base 2, what is 10 + -110101?
-110011
In base 8, what is 4 - 347?
-343
In base 15, what is 1 - 28?
-27
In base 15, what is 19 + -6b?
-52
In base 10, what is 2 - -183?
185
In base 6, what is 31 + 114?
145
In base 11, what is 216 + 4?
21a
In base 5, what is -403 - 0?
-403
In base 11, what is 2 + -313?
-311
In base 5, what is 12312 + -2?
12310
In base 13, what is -13c - 7?
-146
In base 9, what is 0 - 13?
-13
In base 6, what is 23220 + -2?
23214
In base 3, what is -1111222 + 20?
-1111202
In base 10, what is -5874 - 0?
-5874
In base 14, what is -44 - -5?
-3d
In base 2, what is -11 + -110100?
-110111
In base 10, what is -61 + 8?
-53
In base 16, what is 63 + 5?
68
In base 6, what is 101 - -54?
155
In base 11, what is -5 + -9?
-13
In base 10, what is 5384 + 4?
5388
In base 8, what is -17 + 0?
-17
In base 13, what is 29 - -4?
30
In base 8, what is -1 - -1004?
1003
In base 9, what is 33 - 0?
33
In base 5, what is 10 + 14?
24
In base 2, what is -110000 - -10001?
-11111
In base 13, what is 82 - -8?
8a
In base 5, what is -13 + -10330?
-10343
In base 11, what is 1 + -26?
-25
In base 15, what is -123 + 6?
-11c
In base 3, what is -110 + -201?
-1011
In base 3, what is 2 + 200110?
200112
In base 5, what is 0 + -22?
-22
In base 3, what is 10 - 101100?
-101020
In base 8, what is -51 - -5?
-44
In base 8, what is -112 + 0?
-112
In base 6, what is 2453 + 1?
2454
In base 13, what is -4 + -584?
-588
In base 15, what is -97e - 1?
-980
In base 11, what is a - -16?
25
In base 15, what is -7 - ac?
-b4
In base 15, what is -3 + -10?
-13
In base 9, what is -4 + -581?
-585
In base 8, what is 0 - -501?
501
In base 4, what is -2 - -1030?
1022
In base 8, what is 3 + 13?
16
In base 15, what is 1 - -29?
2a
In base 8, what is 2 + 37?
41
In base 8, what is 3 + -51?
-46
In base 11, what is 3 + -280?
-278
In base 2, what is 11100000 - -1011?
11101011
In base 16, what is 1 - -144?
145
In base 12, what is 33 - -111?
144
In base 9, what is 687 + 15?
713
In base 7, what is 1 - 120?
-116
In base 3, what is -100 + -210022?
-210122
In base 16, what is 11 - -e?
1f
In base 5, what is -3 + 13134?
13131
In base 4, what is -201 + 2311?
2110
In base 3, what is 2212 - 10010?
-21
In base 2, what is -110111110 - 10001?
-111001111
In base 14, what is 8c2 - -3?
8c5
In base 9, what is 178 + 11?
200
In base 16, what is 17 + -27?
-10
In base 12, what is -6 + 119?
113
In base 7, what is -3 + -201?
-204
In base 15, what is -158 - 4?
-15c
In base 16, what is -4 + -d7?
-db
In base 2, what is -111 - -10001?
1010
In base 5, what is 121 + -142?
-21
In base 13, what is 33 + 8?
3b
In base 7, what is -3 + 144?
141
In base 9, what is 7 + 3?
11
In base 3, what is -21021 + 200?
-20121
In base 5, what is 2 + 20420?
20422
In base 4, what is 0 + 113120?
113120
In base 7, what is -4 + 50?
43
In base 16, what is -4 + -de?
-e2
In base 6, what is -10 + -402?
-412
In base 15, what is 5414 - 1?
5413
In base 6, what is -5 - -140?
131
In base 14, what is 82 + -4?
7c
In base 16, what is -95 - 0?
-95
In base 4, what is -2 - 113?
-121
In base 11, what is -2 + -1381?
-1383
In base 9, what is -3 - -4?
1
In base 3, what is -1 - -100120?
100112
In base 10, what is 4498 + 3?
4501
In base 15, what is 8e - 7?
87
In base 9, what is 55 + 0?
55
In base 3, what is 2200 - 21?
2102
In base 11, what is -9 + 45?
37
In base 6, what is -103121 - 5?
-103130
In base 15, what is -69 - 1?
-6a
In base 8, what is -372 + -154?
-546
In base 4, what is -1 - 13221?
-13222
In base 12, what is -3b + -14?
-53
In base 3, what is -1020 - 222210?
-1001000
In base 8, what is 3 + -2067?
-2064
In base 14, what is c - -1a?
28
In base 9, what is 4 + -123?
-118
In base 8, what is 5041 + 2?
5043
In base 2, what is -1000010011 + -10?
-1000010101
In base 2, what is -11 - -1111010101?
1111010010
In base 15, what is -6 + 43?
3c
In base 8, what is 2 + 3?
5
In base 10, what is 7 + 1224?
1231
In base 12, what is -2 + 477?
475
In base 4, what is -2131 - -320?
-1211
In base 16, what is 36 - -5f?
95
In base 7, what is 40 - -21?
61
In base 15, what is -24 + -6?
-2a
In base 9, what is 67 + 6?
74
In base 16, what is -e79 - -5?
-e74
In base 11, what is 9 - 31?
-23
In base 15, what is 3 + -2e?
-2b
In base 16, what is 5 + 1144?
1149
In base 9, what is 23 - -88?
122
In base 2, what is -100111010010 - 10?
-100111010100
In base 15, what is 2d - 3?
2a
In base 9, what is 0 - -66?
66
In base 16, what is 5 + 88?
8d
In base 9, what is 4208 + 2?
4211
In base 5, what is -10 + -1432?
-1442
In base 3, what is -10 + 211110?
211100
In base 6, what is -4532 + -5?
-4541
In base 15, what is -63 - -21?
-42
In base 15, what is 5d + a0?
10d
In base 7, what is -103 - 5?
-111
In base 2, what is 11010011111100 - 11?
11010011111001
In base 13, what is -1 + 1ab?
1aa
In base 4, what is -12011 + -3?
-12020
In base 3, what is 10 + 2102?
2112
In base 12, what is -11 + -249?
-25a
In